{"id":390,"date":"2025-02-03T18:43:52","date_gmt":"2025-02-03T18:43:52","guid":{"rendered":"https:\/\/musikverein-diedorf.de\/?page_id=390"},"modified":"2025-02-08T06:33:15","modified_gmt":"2025-02-08T06:33:15","slug":"datenschutzrichtlinie","status":"publish","type":"page","link":"https:\/\/musikverein-diedorf.de\/?page_id=390","title":{"rendered":"Datenschutz"},"content":{"rendered":"\n<p>Datenschutz-Richtlinie Musikverein Diedorf e.V.<\/p>\n\n\n\n<ol class=\"wp-block-list\">\n<li>Verantwortliche Stelle f\u00fcr die Datenverarbeitung durch den Verein ist der Vorstand, vertreten durch die 1. Vorsitzende bzw. den 1. Vorsitzenden, per E-Mail unter <a href=\"mailto:vorstand@musikverein-diedorf.de\">vorstand@musikverein-diedorf.de<\/a> erreichbar.<\/li>\n\n\n\n<li>Der Verein erhebt und verarbeitet personenbezogene Daten zur Erf\u00fcllung der Vereinsziele und zu dem Zweck und Umfang, wie er sie im Zusammenhang mit der Begr\u00fcndung, Durchf\u00fchrung und Beendigung des Mitgliedschaftsverh\u00e4ltnisses oder zur Aus\u00fcbung und Erf\u00fcllung der sich aus dem Gesetz ergebenden Rechte und Pflichten oder Wahrung seiner berechtigten Interessen ben\u00f6tigt. Relevante Daten sind dabei insbesondere die Personalien wie Namen, Adresse, sonstige Kontaktdaten, Bankverbindung, Geburtsdatum, aber auch Eintritts- und Austrittsdatum und die Dauer der Mitgliedschaft. Die Erhebung der Daten erfolgt in der Regel unmittelbar bei dem Mitglied selbst.<\/li>\n\n\n\n<li>Rechtsgrundlagen f\u00fcr die Verarbeitung der personenbezogenen Daten sind die datenschutzrechtlichen Erlaubnisnormen des Art. 6 Abs. 1 DS-GVO und soweit erforderlich die Einwilligung des betroffenen Mitglieds.<\/li>\n\n\n\n<li>Innerhalb des Vereins erhalten diejenigen Personen Zugriff auf die Daten, die diese zur Erf\u00fcllung der in Ziffer 2 genannten Aufgaben brauchen. Au\u00dferhalb des Vereins werden Name und Geburtsdatum aller in den Orchestern aktiv musizierenden Vereinsmitglieder an den Allg\u00e4u-Schw\u00e4bischen-Musikbund (ASM) weitergegeben, um den Unfallversicherungsschutz w\u00e4hrend der Vereinsaktivit\u00e4ten zu gew\u00e4hrleisten. F\u00fcr die Durchf\u00fchrung von Vereinsaktivit\u00e4ten, welche die Organisation durch Dritte beinhaltet, insb. Kooperationsprojekte oder Begegnungen und Partnerschaften auf nationaler und internationaler Ebene, werden ausschlie\u00dflich f\u00fcr die Organisation notwendige Daten nur zum Zweck der Organisation der jeweiligen Aktivit\u00e4t an die Organisationsverantwortlichen weitergeben. Eine Absicht des Vereins, die personenbezogenen Daten dar\u00fcber hinaus an ein Drittland oder an internationale Organisationen zu \u00fcbermitteln, besteht nicht.<\/li>\n\n\n\n<li>Die Daten werden durch den Verein so lange und in dem Ma\u00dfe verarbeitet, als dies zur Erf\u00fcllung der Aufgaben aus Ziffer 2 erforderlich ist. Sind die Daten danach nicht mehr erforderlich, werden sie regelm\u00e4\u00dfig nach Erf\u00fcllung der 10-j\u00e4hrigen gesetzlichen Aufbewahrungspflichten gel\u00f6scht, es sei denn die Weiterverarbeitung ist erforderlich zur Erhaltung von Beweismitteln im Rahmen der gesetzlichen Verj\u00e4hrungsfristen, die bis zu 30 Jahre, im Regelfall jedoch 3 Jahre betragen.<\/li>\n\n\n\n<li>Bilder, die im Zusammenhang mit Vereinsaktivit\u00e4ten entstehen und das Vereinsleben dokumentieren, d.h. insbesondere Bilder, die den Charakter der Veranstaltung, nicht die einzelnen Personen darstellen, werden auf Basis der Interessenabw\u00e4gung auf Print- und Onlinemedien ver\u00f6ffentlicht, um \u00fcber bevorstehende und vergangene Aktivit\u00e4ten zu berichten und \u00fcber den Verein zu informieren. Die Weitergabe von Bildern an Dritte, insbesondere Veranstalter, Partnerschafts- oder Kooperationsvereine, erfolgt zur Information, Berichterstattung und Dokumentation \u00fcber Veranstaltungen und Aktivit\u00e4ten, in denen der Musikverein Diedorf e.V. aktiv mitwirkt. Bilder d\u00fcrfen durch Dritte nur zu diesem vereinbarten Zweck verwendet werden. Die Ver\u00f6ffentlichung von Bildern einzelner Personen erfolgt ausschlie\u00dflich mit der Einwilligung der darauf erkennbaren Personen.<\/li>\n\n\n\n<li>Als betroffene Person hat das Mitglied das Recht auf Auskunft, Berichtigung, L\u00f6schung, Einschr\u00e4nkung der Verarbeitung, Widerspruch sowie Daten\u00fcbertragbarkeit (Art. 15 mit 21 DS-GVO). Auskunfts- und L\u00f6schungsrechte stehen allerdings, soweit gesetzlich zul\u00e4ssig, unter den Einschr\u00e4nkungen der \u00a7\u00a7 34 und 35 BDSG. Dar\u00fcber hinaus besteht f\u00fcr das Mitglied ein Beschwerderecht bei der zust\u00e4ndigen Datenschutzaufsichtsbeh\u00f6rde (Art. 77 DS-GVO in Verbindung mit \u00a7 19 BDSG).<\/li>\n\n\n\n<li>Soweit durch das Mitglied eine Einwilligung erteilt worden ist, besteht das Recht zum jederzeitigen Widerruf, wobei der Widerruf erst f\u00fcr die Zukunft wirkt und die Rechtm\u00e4\u00dfigkeit der Verarbeitung bis zum Widerruf davon unber\u00fchrt bleibt.<\/li>\n\n\n\n<li>Im Zusammenhang mit der Mitgliedschaft ist das Mitglied verpflichtet, seine personenbezogenen Daten zur Verf\u00fcgung zu stellen, da andernfalls das Mitgliedschaftsverh\u00e4ltnis nicht eingegangen oder aufrechterhalten werden kann.<\/li>\n\n\n\n<li>Eine automatisierte Datenauswertung einschlie\u00dflich eines Profiling besteht nicht.<\/li>\n<\/ol>\n\n\n\n<p>Die Datenschutzrichtlinie wurde am 30. Juli 2018 vom Vorstand des Musikvereins Diedorf einstimmig beschlossen.<\/p>\n\n\n\n<p>Diedorf, den 30.07.2018<\/p>\n\n\n\n<p>Gez.<\/p>\n\n\n\n<p>Kerstin Gr\u00fcner<\/p>\n\n\n\n<p>1. Vorsitzende<\/p>\n","protected":false},"excerpt":{"rendered":"<p>Datenschutz-Richtlinie Musikverein Diedorf e.V. Die Datenschutzrichtlinie wurde am 30. Juli 2018 vom Vorstand des Musikvereins Diedorf einstimmig beschlossen. Diedorf, den 30.07.2018 Gez. Kerstin Gr\u00fcner 1. Vorsitzende<\/p>\n","protected":false},"author":2,"featured_media":0,"parent":0,"menu_order":0,"comment_status":"closed","ping_status":"closed","template":"","meta":{"footnotes":""},"class_list":["post-390","page","type-page","status-publish","hentry"],"_links":{"self":[{"href":"https:\/\/musikverein-diedorf.de\/index.php?rest_route=\/wp\/v2\/pages\/390","targetHints":{"allow":["GET"]}}],"collection":[{"href":"https:\/\/musikverein-diedorf.de\/index.php?rest_route=\/wp\/v2\/pages"}],"about":[{"href":"https:\/\/musikverein-diedorf.de\/index.php?rest_route=\/wp\/v2\/types\/page"}],"author":[{"embeddable":true,"href":"https:\/\/musikverein-diedorf.de\/index.php?rest_route=\/wp\/v2\/users\/2"}],"replies":[{"embeddable":true,"href":"https:\/\/musikverein-diedorf.de\/index.php?rest_route=%2Fwp%2Fv2%2Fcomments&post=390"}],"version-history":[{"count":3,"href":"https:\/\/musikverein-diedorf.de\/index.php?rest_route=\/wp\/v2\/pages\/390\/revisions"}],"predecessor-version":[{"id":397,"href":"https:\/\/musikverein-diedorf.de\/index.php?rest_route=\/wp\/v2\/pages\/390\/revisions\/397"}],"wp:attachment":[{"href":"https:\/\/musikverein-diedorf.de\/index.php?rest_route=%2Fwp%2Fv2%2Fmedia&parent=390"}],"curies":[{"name":"wp","href":"https:\/\/api.w.org\/{rel}","templated":true}]}}